{"id":74,"date":"2021-02-22T21:34:59","date_gmt":"2021-02-23T02:34:59","guid":{"rendered":"http:\/\/id42.sytes.net:9000\/?page_id=74"},"modified":"2023-04-17T15:28:17","modified_gmt":"2023-04-17T19:28:17","slug":"feminin","status":"publish","type":"page","link":"https:\/\/gymnamic.org\/?page_id=74","title":{"rendered":"F\u00e9minin"},"content":{"rendered":"\t\t<div data-elementor-type=\"wp-page\" data-elementor-id=\"74\" class=\"elementor elementor-74\" data-elementor-settings=\"[]\">\n\t\t\t\t\t\t\t<div class=\"elementor-section-wrap\">\n\t\t\t\t\t\t\t<section class=\"elementor-section elementor-top-section elementor-element elementor-element-edb0399 elementor-section-boxed elementor-section-height-default elementor-section-height-default\" data-id=\"edb0399\" data-element_type=\"section\">\n\t\t\t\t\t\t<div class=\"elementor-container elementor-column-gap-default\">\n\t\t\t\t\t<div class=\"elementor-column elementor-col-100 elementor-top-column elementor-element elementor-element-b66c3ed\" data-id=\"b66c3ed\" data-element_type=\"column\">\n\t\t\t<div class=\"elementor-widget-wrap elementor-element-populated\">\n\t\t\t\t\t\t\t\t<div class=\"elementor-element elementor-element-e114f67 elementor-widget elementor-widget-text-editor\" data-id=\"e114f67\" data-element_type=\"widget\" data-widget_type=\"text-editor.default\">\n\t\t\t\t<div class=\"elementor-widget-container\">\n\t\t\t\t\t<div class=\"elementor-text-editor elementor-clearfix\"><p>Le club de gymnastique Gymnamic offre des cours de gymnastique artistique f\u00e9minine comp\u00e9titive.\u00a0<\/p><h2 class=\"elementor-heading-title elementor-size-default elementor-inline-editing pen\" contenteditable=\"true\" data-elementor-setting-key=\"title\" data-pen-placeholder=\"Type Here...\">Secteur offert au club de gymnastique Gymnamic\u200b<\/h2><\/div>\n\t\t\t\t<\/div>\n\t\t\t\t<\/div>\n\t\t\t\t<div class=\"elementor-element elementor-element-1355309 elementor-widget elementor-widget-toggle\" data-id=\"1355309\" data-element_type=\"widget\" data-widget_type=\"toggle.default\">\n\t\t\t\t<div class=\"elementor-widget-container\">\n\t\t\t\t\t<div class=\"elementor-toggle\" role=\"tablist\">\n\t\t\t\t\t\t\t<div class=\"elementor-toggle-item\">\n\t\t\t\t\t<div id=\"elementor-tab-title-2021\" class=\"elementor-tab-title\" data-tab=\"1\" role=\"tab\" aria-controls=\"elementor-tab-content-2021\">\n\t\t\t\t\t\t\t\t\t\t\t\t<a href=\"\" class=\"elementor-toggle-title\">Rel\u00e8ve<\/a>\n\t\t\t\t\t<\/div>\n\t\t\t\t\t<div id=\"elementor-tab-content-2021\" class=\"elementor-tab-content elementor-clearfix\" data-tab=\"1\" role=\"tabpanel\" aria-labelledby=\"elementor-tab-title-2021\"><p><span style=\"font-weight: 400;\">Le secteur rel\u00e8ve est compos\u00e9 de jeunes athl\u00e8tes qui ont entre 3 et 5 ans s\u00e9lectionn\u00e9s par leurs entra\u00eeneurs dans le secteur \u00e9ducatif. Ces jeunes sont s\u00e9lectionn\u00e9s pour leurs qualit\u00e9s athl\u00e9tiques distinctives. Elles s\u2019entra\u00eenent entre 4 et 6 heures par semaine. Dans le plaisir, elles apprennent les bases de la gymnastique et l\u2019amour pour le sport. <\/span><\/p><\/div>\n\t\t\t\t<\/div>\n\t\t\t\t\t\t\t<div class=\"elementor-toggle-item\">\n\t\t\t\t\t<div id=\"elementor-tab-title-2022\" class=\"elementor-tab-title\" data-tab=\"2\" role=\"tab\" aria-controls=\"elementor-tab-content-2022\">\n\t\t\t\t\t\t\t\t\t\t\t\t<a href=\"\" class=\"elementor-toggle-title\">D\u00e9fi<\/a>\n\t\t\t\t\t<\/div>\n\t\t\t\t\t<div id=\"elementor-tab-content-2022\" class=\"elementor-tab-content elementor-clearfix\" data-tab=\"2\" role=\"tabpanel\" aria-labelledby=\"elementor-tab-title-2022\"><p><span style=\"font-weight: 400;\">Les athl\u00e8tes du secteur d\u00e9fi d\u00e9veloppent leur amour de la gymnastique. L\u2019entra\u00eenement structur\u00e9 met en place un souci du d\u00e9tail qui suivra les athl\u00e8tes durant toute leur carri\u00e8re. \u00c0 Gymnamic, ces jeunes filles s\u2019entra\u00eenent entre 8 et 13 heures les soirs de semaine ainsi qu\u2019un jour de fin de semaine. Ces athl\u00e8tes sont recrut\u00e9s parmi les groupes de rel\u00e8ve et par les auditions. Elles ont entre 5 et 9 ans.<\/span><\/p><p>\u00a0<\/p><p><span style=\"font-weight: 400;\">D\u00e8s l\u2019\u00e2ge de 5 ans, les jeunes gymnastes peuvent prendre part \u00e0 des \u00e9valuations d\u00e9fi. Dans les \u00e9valuations, il n\u2019y a pas de remise de m\u00e9daille. Le programme est con\u00e7u pour comparer l\u2019athl\u00e8te seulement \u00e0 elle-m\u00eame. Elles ont des mouvements \u00e0 pr\u00e9senter et \u00e0 r\u00e9ussir afin de progresser dans les D\u00e9fis. Ce programme consiste \u00e0 donner une bonne base gymnique aux athl\u00e8tes afin d\u2019atteindre le haut niveau.<\/span><\/p><\/div>\n\t\t\t\t<\/div>\n\t\t\t\t\t\t\t<div class=\"elementor-toggle-item\">\n\t\t\t\t\t<div id=\"elementor-tab-title-2023\" class=\"elementor-tab-title\" data-tab=\"3\" role=\"tab\" aria-controls=\"elementor-tab-content-2023\">\n\t\t\t\t\t\t\t\t\t\t\t\t<a href=\"\" class=\"elementor-toggle-title\">R\u00e9gional<\/a>\n\t\t\t\t\t<\/div>\n\t\t\t\t\t<div id=\"elementor-tab-content-2023\" class=\"elementor-tab-content elementor-clearfix\" data-tab=\"3\" role=\"tabpanel\" aria-labelledby=\"elementor-tab-title-2023\"><p><span style=\"font-weight: 400;\">Les athl\u00e8tes du secteur r\u00e9gional s\u2019entra\u00eenent 9 heures par semaine. Les entra\u00eenements de soirs et de fin de semaine sont centr\u00e9s sur le plaisir et le d\u00e9sir d\u2019\u00e9volution dans le sport. Les athl\u00e8tes prennent part \u00e0 leur premi\u00e8re comp\u00e9tition et apprennent \u00e0 s\u2019entra\u00eener dans le plaisir et l\u2019effort. Les groupes sont divis\u00e9s selon le niveau et l\u2019\u00e2ge des athl\u00e8tes. Les athl\u00e8tes du niveau r\u00e9gional sont recrut\u00e9s dans les auditions ou dans le secteur d\u00e9fi f\u00e9minin.\u00a0<\/span><\/p><p><span style=\"font-weight: 400;\">\u00c0 Gymnamic, nous offrons le r\u00e9gional 4 et 5. Les comp\u00e9titions regroupent les athl\u00e8tes de la Capitale-Nationale et de Chaudi\u00e8res-Appalaches. Si les filles ont la volont\u00e9 et le niveau gymnique n\u00e9cessaire, elles peuvent \u00e9voluer vers le programme provincial par la suite.<\/span><\/p><\/div>\n\t\t\t\t<\/div>\n\t\t\t\t\t\t\t<div class=\"elementor-toggle-item\">\n\t\t\t\t\t<div id=\"elementor-tab-title-2024\" class=\"elementor-tab-title\" data-tab=\"4\" role=\"tab\" aria-controls=\"elementor-tab-content-2024\">\n\t\t\t\t\t\t\t\t\t\t\t\t<a href=\"\" class=\"elementor-toggle-title\">Provincial<\/a>\n\t\t\t\t\t<\/div>\n\t\t\t\t\t<div id=\"elementor-tab-content-2024\" class=\"elementor-tab-content elementor-clearfix\" data-tab=\"4\" role=\"tabpanel\" aria-labelledby=\"elementor-tab-title-2024\"><p><span style=\"font-weight: 400;\">L\u2019amour de la gymnastique est bien ancr\u00e9 dans le c\u0153ur des athl\u00e8tes de niveau provincial. S\u2019entra\u00eenant entre 9 et 21 heures, elles souhaitent performer en comp\u00e9tition. Le d\u00e9passement de soi devient une grande source de motivation pour ces athl\u00e8tes. Elles apprennent \u00e0 s\u2019entra\u00eener et \u00e0 performer.\u00a0<\/span><\/p><p><span style=\"font-weight: 400;\">Le programme provincial contient les niveaux JO 4 \u00e0 9. Les athl\u00e8tes de ces cat\u00e9gories participent \u00e0 plusieurs comp\u00e9titions dans l\u2019ann\u00e9e, les finalit\u00e9s sont les championnats qu\u00e9b\u00e9cois qui regroupent les meilleurs athl\u00e8tes de la province de chaque cat\u00e9gorie. Certaines cat\u00e9gories peuvent \u00e9galement participer aux Championnats de l\u2019est du Canada.<\/span><\/p><p>\u00a0<\/p><p><span style=\"font-weight: 400;\">Les gymnastes avec le plus de qualit\u00e9s et habilet\u00e9s gymniques sont recrut\u00e9s pour le programme Sport-\u00e9tude et le programme concentration. Pour plus d\u2019informations, rendez-vous dans la section r\u00e9serv\u00e9e \u00e0 ces programmes. <\/span><\/p><\/div>\n\t\t\t\t<\/div>\n\t\t\t\t\t\t\t<div class=\"elementor-toggle-item\">\n\t\t\t\t\t<div id=\"elementor-tab-title-2025\" class=\"elementor-tab-title\" data-tab=\"5\" role=\"tab\" aria-controls=\"elementor-tab-content-2025\">\n\t\t\t\t\t\t\t\t\t\t\t\t<a href=\"\" class=\"elementor-toggle-title\">National<\/a>\n\t\t\t\t\t<\/div>\n\t\t\t\t\t<div id=\"elementor-tab-content-2025\" class=\"elementor-tab-content elementor-clearfix\" data-tab=\"5\" role=\"tabpanel\" aria-labelledby=\"elementor-tab-title-2025\"><p><span style=\"font-weight: 400;\">Les athl\u00e8tes du niveau national s\u2019entra\u00eenent 20 heures par semaine dans le programme sport-\u00e9tudes. Ces gymnastes se d\u00e9marquent par leur autonomie, leur travail acharn\u00e9 et leur d\u00e9termination \u00e0 \u00eatre les meilleures versions d\u2019elles-m\u00eames.<\/span><\/p><p><span style=\"font-weight: 400;\">Les cat\u00e9gories nationales sont le JO 9 et 10 ainsi que les cat\u00e9gories \u00e9lites (Novice, Junior, S\u00e9nior). Les gymnastes de ces cat\u00e9gories peuvent se qualifier pour repr\u00e9senter le Qu\u00e9bec aux championnats de l\u2019est du Canada ou aux championnats canadiens.<\/span><\/p><\/div>\n\t\t\t\t<\/div>\n\t\t\t\t\t\t\t<div class=\"elementor-toggle-item\">\n\t\t\t\t\t<div id=\"elementor-tab-title-2026\" class=\"elementor-tab-title\" data-tab=\"6\" role=\"tab\" aria-controls=\"elementor-tab-content-2026\">\n\t\t\t\t\t\t\t\t\t\t\t\t<a href=\"\" class=\"elementor-toggle-title\">Haute performance<\/a>\n\t\t\t\t\t<\/div>\n\t\t\t\t\t<div id=\"elementor-tab-content-2026\" class=\"elementor-tab-content elementor-clearfix\" data-tab=\"6\" role=\"tabpanel\" aria-labelledby=\"elementor-tab-title-2026\"><p><span style=\"font-weight: 400;\">Les filles du programme Sport-\u00e9tudes avec un talent exceptionnel visent les cat\u00e9gories de haut niveau comme l\u2019\u00c9lite 3 et 4 ou encore les cat\u00e9gories Junior et Senior. Ainsi, ces athl\u00e8tes ont la chance d\u2019\u00eatre identifi\u00e9s sur les listes Excellence, \u00c9lite, Rel\u00e8ve, de faire partie de l\u2019\u00e9quipe canadienne de gymnastique, d\u2019\u00eatre invit\u00e9s dans des camps d\u2019entra\u00eenement de l\u2019\u00e9quipe canadienne, d\u2019\u00eatre brevet\u00e9s par Sport Canada et m\u00eame de repr\u00e9senter le pays sur la sc\u00e8ne internationale.\u00a0<\/span><span style=\"color: var( --e-global-color-text ); font-family: var( --e-global-typography-text-font-family ), Sans-serif;\">Ces athl\u00e8tes s\u2019entra\u00eenent au moins 21h par semaine, parfois plus.<\/span><\/p><\/div>\n\t\t\t\t<\/div>\n\t\t\t\t\t<\/div>\n\t\t\t\t<\/div>\n\t\t\t\t<\/div>\n\t\t\t\t<div class=\"elementor-element elementor-element-eeae750 elementor-widget elementor-widget-text-editor\" data-id=\"eeae750\" data-element_type=\"widget\" data-widget_type=\"text-editor.default\">\n\t\t\t\t<div class=\"elementor-widget-container\">\n\t\t\t\t\t<div class=\"elementor-text-editor elementor-clearfix\"><p>L&#8217;entr\u00e9e dans la plupart de ces secteurs n\u00e9cessite une s\u00e9lection de l&#8217;athl\u00e8te lors des auditions. Chaque ann\u00e9e, le club de gymnastique Gymnamic organise des auditions dans le mois d&#8217;avril afin de recruter des athl\u00e8tes pour l&#8217;ann\u00e9e gymnique suivante qui d\u00e9bute \u00e0 la fin juin. Nous vous invitons \u00e0 vous diriger \u00e0 la page des auditions pour plus d&#8217;informations!<\/p><\/div>\n\t\t\t\t<\/div>\n\t\t\t\t<\/div>\n\t\t\t\t<div class=\"elementor-element elementor-element-ca85a36 elementor-widget elementor-widget-text-editor\" data-id=\"ca85a36\" data-element_type=\"widget\" data-widget_type=\"text-editor.default\">\n\t\t\t\t<div class=\"elementor-widget-container\">\n\t\t\t\t\t<div class=\"elementor-text-editor elementor-clearfix\"><h2 class=\"elementor-heading-title elementor-size-default elementor-inline-editing pen\" style=\"font-family: var( --e-global-typography-primary-font-family ), Sans-serif; font-weight: var( --e-global-typography-primary-font-weight ); color: #000000;\" data-elementor-setting-key=\"title\" data-pen-placeholder=\"Type Here...\">Programme concentration et sport-\u00e9tudes en gymnastique<\/h2><\/div>\n\t\t\t\t<\/div>\n\t\t\t\t<\/div>\n\t\t\t\t<div class=\"elementor-element elementor-element-e23e9c2 elementor-widget elementor-widget-toggle\" data-id=\"e23e9c2\" data-element_type=\"widget\" data-widget_type=\"toggle.default\">\n\t\t\t\t<div class=\"elementor-widget-container\">\n\t\t\t\t\t<div class=\"elementor-toggle\" role=\"tablist\">\n\t\t\t\t\t\t\t<div class=\"elementor-toggle-item\">\n\t\t\t\t\t<div id=\"elementor-tab-title-2371\" class=\"elementor-tab-title\" data-tab=\"1\" role=\"tab\" aria-controls=\"elementor-tab-content-2371\">\n\t\t\t\t\t\t\t\t\t\t\t\t<a href=\"\" class=\"elementor-toggle-title\">Concentration - Secondaire<\/a>\n\t\t\t\t\t<\/div>\n\t\t\t\t\t<div id=\"elementor-tab-content-2371\" class=\"elementor-tab-content elementor-clearfix\" data-tab=\"1\" role=\"tabpanel\" aria-labelledby=\"elementor-tab-title-2371\"><p><span style=\"font-weight: 400;\">Le programme de concentration est offert aux jeunes du secondaire de niveau provincial. Les jeunes vont \u00e0 l\u2019\u00e9cole Pointe-L\u00e9vis dans le programme PALS. Ces athl\u00e8tes s\u2019entra\u00eenent le matin \u00e0 raison de 2,5h par jour pour un total de 12.5h par semaine et vont \u00e0 l\u2019\u00e9cole l\u2019apr\u00e8s-midi.<\/span><\/p><\/div>\n\t\t\t\t<\/div>\n\t\t\t\t\t\t\t<div class=\"elementor-toggle-item\">\n\t\t\t\t\t<div id=\"elementor-tab-title-2372\" class=\"elementor-tab-title\" data-tab=\"2\" role=\"tab\" aria-controls=\"elementor-tab-content-2372\">\n\t\t\t\t\t\t\t\t\t\t\t\t<a href=\"\" class=\"elementor-toggle-title\">Sport-\u00e9tudes - Primaire et secondaire<\/a>\n\t\t\t\t\t<\/div>\n\t\t\t\t\t<div id=\"elementor-tab-content-2372\" class=\"elementor-tab-content elementor-clearfix\" data-tab=\"2\" role=\"tabpanel\" aria-labelledby=\"elementor-tab-title-2372\"><p><span style=\"font-weight: 400;\">Le programme du sport-\u00e9tudes est offert aux jeunes de la 4e ann\u00e9e jusqu\u2019en secondaire 5. Ces \u00e9tudiants-athl\u00e8tes sont dans le programme PALS. Ils vont \u00e0 l\u2019\u00e9cole \u00e0 L\u00e9vis en avant-midi puis viennent s\u2019entra\u00eener en apr\u00e8s-midi \u00e0 Gymnamic. Les jeunes du primaire font au total 16h par semaine de gymnastique et pour les jeunes du secondaire, ce sont 21h par semaine d\u2019entra\u00eenement.<\/span><\/p><p><span style=\"font-weight: 400;\">Ce programme est offert sur invitation seulement. Les jeunes doivent avoir atteint un certain niveau gymnique et d\u00e9montr\u00e9 des qualit\u00e9s mentales hors du commun.<\/span><\/p><\/div>\n\t\t\t\t<\/div>\n\t\t\t\t\t<\/div>\n\t\t\t\t<\/div>\n\t\t\t\t<\/div>\n\t\t\t\t<div class=\"elementor-element elementor-element-af4b29f elementor-arrows-position-inside elementor-pagination-position-outside elementor-widget elementor-widget-image-carousel\" data-id=\"af4b29f\" data-element_type=\"widget\" data-settings=\"{&quot;slides_to_show&quot;:&quot;5&quot;,&quot;navigation&quot;:&quot;both&quot;,&quot;autoplay&quot;:&quot;yes&quot;,&quot;pause_on_hover&quot;:&quot;yes&quot;,&quot;pause_on_interaction&quot;:&quot;yes&quot;,&quot;autoplay_speed&quot;:5000,&quot;infinite&quot;:&quot;yes&quot;,&quot;speed&quot;:500}\" data-widget_type=\"image-carousel.default\">\n\t\t\t\t<div class=\"elementor-widget-container\">\n\t\t\t\t\t<div class=\"elementor-image-carousel-wrapper swiper-container\" dir=\"ltr\">\n\t\t\t<div class=\"elementor-image-carousel swiper-wrapper\">\n\t\t\t\t<div class=\"swiper-slide\"><a data-elementor-open-lightbox=\"yes\" data-elementor-lightbox-slideshow=\"af4b29f\" data-elementor-lightbox-title=\"gymnamic 4\" href=\"https:\/\/gymnamic.org\/wp-content\/uploads\/2021\/06\/gymnamic-4.jpg\"><figure class=\"swiper-slide-inner\"><img class=\"swiper-slide-image\" src=\"https:\/\/gymnamic.org\/wp-content\/uploads\/2021\/06\/gymnamic-4-150x150.jpg\" alt=\"gymnamic 4\" \/><\/figure><\/a><\/div><div class=\"swiper-slide\"><a data-elementor-open-lightbox=\"yes\" data-elementor-lightbox-slideshow=\"af4b29f\" data-elementor-lightbox-title=\"GAF 2\" href=\"https:\/\/gymnamic.org\/wp-content\/uploads\/2021\/06\/GAF-2-1.jpg\"><figure class=\"swiper-slide-inner\"><img class=\"swiper-slide-image\" src=\"https:\/\/gymnamic.org\/wp-content\/uploads\/2021\/06\/GAF-2-1-150x150.jpg\" alt=\"GAF 2\" \/><\/figure><\/a><\/div><div class=\"swiper-slide\"><a data-elementor-open-lightbox=\"yes\" data-elementor-lightbox-slideshow=\"af4b29f\" data-elementor-lightbox-title=\"GAF 4\" href=\"https:\/\/gymnamic.org\/wp-content\/uploads\/2021\/06\/GAF-4.jpg\"><figure class=\"swiper-slide-inner\"><img class=\"swiper-slide-image\" src=\"https:\/\/gymnamic.org\/wp-content\/uploads\/2021\/06\/GAF-4-150x150.jpg\" alt=\"GAF 4\" \/><\/figure><\/a><\/div><div class=\"swiper-slide\"><a data-elementor-open-lightbox=\"yes\" data-elementor-lightbox-slideshow=\"af4b29f\" data-elementor-lightbox-title=\"GAF 5\" href=\"https:\/\/gymnamic.org\/wp-content\/uploads\/2021\/06\/GAF-5.jpg\"><figure class=\"swiper-slide-inner\"><img class=\"swiper-slide-image\" src=\"https:\/\/gymnamic.org\/wp-content\/uploads\/2021\/06\/GAF-5-150x150.jpg\" alt=\"GAF 5\" \/><\/figure><\/a><\/div><div class=\"swiper-slide\"><a data-elementor-open-lightbox=\"yes\" data-elementor-lightbox-slideshow=\"af4b29f\" data-elementor-lightbox-title=\"GAF 6\" href=\"https:\/\/gymnamic.org\/wp-content\/uploads\/2021\/06\/GAF-6.jpg\"><figure class=\"swiper-slide-inner\"><img class=\"swiper-slide-image\" src=\"https:\/\/gymnamic.org\/wp-content\/uploads\/2021\/06\/GAF-6-150x150.jpg\" alt=\"GAF 6\" \/><\/figure><\/a><\/div><div class=\"swiper-slide\"><a data-elementor-open-lightbox=\"yes\" data-elementor-lightbox-slideshow=\"af4b29f\" data-elementor-lightbox-title=\"GAF 7\" href=\"https:\/\/gymnamic.org\/wp-content\/uploads\/2021\/06\/GAF-7.jpg\"><figure class=\"swiper-slide-inner\"><img class=\"swiper-slide-image\" src=\"https:\/\/gymnamic.org\/wp-content\/uploads\/2021\/06\/GAF-7-150x150.jpg\" alt=\"GAF 7\" \/><\/figure><\/a><\/div><div class=\"swiper-slide\"><a data-elementor-open-lightbox=\"yes\" data-elementor-lightbox-slideshow=\"af4b29f\" data-elementor-lightbox-title=\"GAF 8\" href=\"https:\/\/gymnamic.org\/wp-content\/uploads\/2021\/06\/GAF-8.jpg\"><figure class=\"swiper-slide-inner\"><img class=\"swiper-slide-image\" src=\"https:\/\/gymnamic.org\/wp-content\/uploads\/2021\/06\/GAF-8-150x150.jpg\" alt=\"GAF 8\" \/><\/figure><\/a><\/div><div class=\"swiper-slide\"><a data-elementor-open-lightbox=\"yes\" data-elementor-lightbox-slideshow=\"af4b29f\" data-elementor-lightbox-title=\"GAF 9\" href=\"https:\/\/gymnamic.org\/wp-content\/uploads\/2021\/06\/GAF-9.jpg\"><figure class=\"swiper-slide-inner\"><img class=\"swiper-slide-image\" src=\"https:\/\/gymnamic.org\/wp-content\/uploads\/2021\/06\/GAF-9-150x150.jpg\" alt=\"GAF 9\" \/><\/figure><\/a><\/div><div class=\"swiper-slide\"><a data-elementor-open-lightbox=\"yes\" data-elementor-lightbox-slideshow=\"af4b29f\" data-elementor-lightbox-title=\"GAF 10\" href=\"https:\/\/gymnamic.org\/wp-content\/uploads\/2021\/06\/GAF-10.jpg\"><figure class=\"swiper-slide-inner\"><img class=\"swiper-slide-image\" src=\"https:\/\/gymnamic.org\/wp-content\/uploads\/2021\/06\/GAF-10-150x150.jpg\" alt=\"GAF 10\" \/><\/figure><\/a><\/div><div class=\"swiper-slide\"><a data-elementor-open-lightbox=\"yes\" data-elementor-lightbox-slideshow=\"af4b29f\" data-elementor-lightbox-title=\"GAF 11\" href=\"https:\/\/gymnamic.org\/wp-content\/uploads\/2021\/06\/GAF-11.jpg\"><figure class=\"swiper-slide-inner\"><img class=\"swiper-slide-image\" src=\"https:\/\/gymnamic.org\/wp-content\/uploads\/2021\/06\/GAF-11-150x150.jpg\" alt=\"GAF 11\" \/><\/figure><\/a><\/div><div class=\"swiper-slide\"><a data-elementor-open-lightbox=\"yes\" data-elementor-lightbox-slideshow=\"af4b29f\" data-elementor-lightbox-title=\"GAF\" href=\"https:\/\/gymnamic.org\/wp-content\/uploads\/2021\/06\/GAF-1.jpg\"><figure class=\"swiper-slide-inner\"><img class=\"swiper-slide-image\" src=\"https:\/\/gymnamic.org\/wp-content\/uploads\/2021\/06\/GAF-1-150x150.jpg\" alt=\"GAF\" \/><\/figure><\/a><\/div><div class=\"swiper-slide\"><a data-elementor-open-lightbox=\"yes\" data-elementor-lightbox-slideshow=\"af4b29f\" data-elementor-lightbox-title=\"GAF3\" href=\"https:\/\/gymnamic.org\/wp-content\/uploads\/2021\/06\/GAF3-1.jpg\"><figure class=\"swiper-slide-inner\"><img class=\"swiper-slide-image\" src=\"https:\/\/gymnamic.org\/wp-content\/uploads\/2021\/06\/GAF3-1-150x150.jpg\" alt=\"GAF3\" \/><\/figure><\/a><\/div><div class=\"swiper-slide\"><a data-elementor-open-lightbox=\"yes\" data-elementor-lightbox-slideshow=\"af4b29f\" data-elementor-lightbox-title=\"D50_5548-1024x722\" href=\"https:\/\/gymnamic.org\/wp-content\/uploads\/2021\/02\/D50_5548-1024x722-1.jpg\"><figure class=\"swiper-slide-inner\"><img class=\"swiper-slide-image\" src=\"https:\/\/gymnamic.org\/wp-content\/uploads\/2021\/02\/D50_5548-1024x722-1-150x150.jpg\" alt=\"D50_5548-1024x722\" \/><\/figure><\/a><\/div><div class=\"swiper-slide\"><a data-elementor-open-lightbox=\"yes\" data-elementor-lightbox-slideshow=\"af4b29f\" data-elementor-lightbox-title=\"D10_9618-1024x806\" href=\"https:\/\/gymnamic.org\/wp-content\/uploads\/2021\/02\/D10_9618-1024x806-1.jpg\"><figure class=\"swiper-slide-inner\"><img class=\"swiper-slide-image\" src=\"https:\/\/gymnamic.org\/wp-content\/uploads\/2021\/02\/D10_9618-1024x806-1-150x150.jpg\" alt=\"D10_9618-1024x806\" \/><\/figure><\/a><\/div><div class=\"swiper-slide\"><a data-elementor-open-lightbox=\"yes\" data-elementor-lightbox-slideshow=\"af4b29f\" data-elementor-lightbox-title=\"gymnamic 5\" href=\"https:\/\/gymnamic.org\/wp-content\/uploads\/2021\/06\/gymnamic-5.jpg\"><figure class=\"swiper-slide-inner\"><img class=\"swiper-slide-image\" src=\"https:\/\/gymnamic.org\/wp-content\/uploads\/2021\/06\/gymnamic-5-150x150.jpg\" alt=\"gymnamic 5\" \/><\/figure><\/a><\/div>\t\t\t<\/div>\n\t\t\t\t\t\t\t\t\t\t\t\t<div class=\"swiper-pagination\"><\/div>\n\t\t\t\t\t\t\t\t\t\t\t\t\t<div class=\"elementor-swiper-button elementor-swiper-button-prev\">\n\t\t\t\t\t\t<i class=\"eicon-chevron-left\" aria-hidden=\"true\"><\/i>\n\t\t\t\t\t\t<span class=\"elementor-screen-only\">Previous<\/span>\n\t\t\t\t\t<\/div>\n\t\t\t\t\t<div class=\"elementor-swiper-button elementor-swiper-button-next\">\n\t\t\t\t\t\t<i class=\"eicon-chevron-right\" aria-hidden=\"true\"><\/i>\n\t\t\t\t\t\t<span class=\"elementor-screen-only\">Next<\/span>\n\t\t\t\t\t<\/div>\n\t\t\t\t\t\t\t\t\t<\/div>\n\t\t\t\t<\/div>\n\t\t\t\t<\/div>\n\t\t\t\t<div class=\"elementor-element elementor-element-1789dad elementor-widget elementor-widget-text-editor\" data-id=\"1789dad\" data-element_type=\"widget\" data-widget_type=\"text-editor.default\">\n\t\t\t\t<div class=\"elementor-widget-container\">\n\t\t\t\t\t<div class=\"elementor-text-editor elementor-clearfix\"><p>Pour plus d&#8217;informations, veuillez <a href=\"https:\/\/gymnamic.org\/?page_id=9\">joindre l&#8217;administration<\/a> sur les heures d&#8217;ouvertures.\u00a0<\/p><\/div>\n\t\t\t\t<\/div>\n\t\t\t\t<\/div>\n\t\t\t\t<div class=\"elementor-element elementor-element-8eb6a02 elementor-widget elementor-widget-text-editor\" data-id=\"8eb6a02\" data-element_type=\"widget\" data-widget_type=\"text-editor.default\">\n\t\t\t\t<div class=\"elementor-widget-container\">\n\t\t\t\t\t<div class=\"elementor-text-editor elementor-clearfix\"><\/div>\n\t\t\t\t<\/div>\n\t\t\t\t<\/div>\n\t\t\t\t\t<\/div>\n\t\t<\/div>\n\t\t\t\t\t\t\t<\/div>\n\t\t<\/section>\n\t\t\t\t\t\t<\/div>\n\t\t\t\t\t<\/div>\n\t\t","protected":false},"excerpt":{"rendered":"<p>Le club de gymnastique Gymnamic offre des cours de gymnastique artistique f\u00e9minine comp\u00e9titive.\u00a0 Secteur offert au club de gymnastique Gymnamic\u200b Rel\u00e8ve Le secteur rel\u00e8ve est compos\u00e9 de jeunes athl\u00e8tes qui ont entre 3 et 5 ans s\u00e9lectionn\u00e9s par leurs entra\u00eeneurs dans le secteur \u00e9ducatif. Ces jeunes sont s\u00e9lectionn\u00e9s pour leurs qualit\u00e9s athl\u00e9tiques distinctives. Elles s\u2019entra\u00eenent [&hellip;]<\/p>\n","protected":false},"author":1,"featured_media":0,"parent":5,"menu_order":1,"comment_status":"closed","ping_status":"closed","template":"","meta":[],"_links":{"self":[{"href":"https:\/\/gymnamic.org\/index.php?rest_route=\/wp\/v2\/pages\/74"}],"collection":[{"href":"https:\/\/gymnamic.org\/index.php?rest_route=\/wp\/v2\/pages"}],"about":[{"href":"https:\/\/gymnamic.org\/index.php?rest_route=\/wp\/v2\/types\/page"}],"author":[{"embeddable":true,"href":"https:\/\/gymnamic.org\/index.php?rest_route=\/wp\/v2\/users\/1"}],"replies":[{"embeddable":true,"href":"https:\/\/gymnamic.org\/index.php?rest_route=%2Fwp%2Fv2%2Fcomments&post=74"}],"version-history":[{"count":53,"href":"https:\/\/gymnamic.org\/index.php?rest_route=\/wp\/v2\/pages\/74\/revisions"}],"predecessor-version":[{"id":708,"href":"https:\/\/gymnamic.org\/index.php?rest_route=\/wp\/v2\/pages\/74\/revisions\/708"}],"up":[{"embeddable":true,"href":"https:\/\/gymnamic.org\/index.php?rest_route=\/wp\/v2\/pages\/5"}],"wp:attachment":[{"href":"https:\/\/gymnamic.org\/index.php?rest_route=%2Fwp%2Fv2%2Fmedia&parent=74"}],"curies":[{"name":"wp","href":"https:\/\/api.w.org\/{rel}","templated":true}]}}